be (10/25)/((-2)/p). Suppose 5*j - 3*c - k = c, 0 = 5*j + 5*c - 100. What is the tens digit of j?
1
Let c(x) = -x - 3. Let d(w) = -4*w - 3. Let f(p) = -4*p - 2. Let r(l) = -3*d(l) + 4*f(l). Let s be r(2). What is the units digit of c(s)?
4
Let f be -3 + (2 - 0) + -9. What is the tens digit of (6/f)/((-1)/55)?
3
What is the hundreds digit of 28 + -23 - (-1 - 418)?
4
Let r be (-4)/10 - 1851/(-15). Let m be (r/(-4))/(6/(-16)). Suppose 0*x + x - 3 = 0, 5*v = x + m. What is the units digit of v?
7
Suppose 4*q - 10 = 10. What is the units digit of 41/5 - 1/q?
8
Let t(k) = k**2 - 5*k - 1. Let q be t(-5). Suppose 6*o - 3*o = -h + q, 4*o = -5*h + 47. What is the units digit of o?
8
Suppose -281 - 104 = -5*m. What is the tens digit of m?
7
Let c = -9 - -9. Suppose c*w - 5 = w. Let n = 1 - w. What is the units digit of n?
6
Let n(d) = -d - 3. Let g be n(-5). Suppose 18 = g*t - t. What is the units digit of t?
8
Let m be ((-63)/(-6))/((-2)/(-4)). Let k = m - 0. Suppose -4*i - 3*s = -k, -3*s + 15 = i + s. What is the units digit of i?
3
Suppose -1 = -2*n + 5, 0 = -3*s + n + 6. Let r = 18 + -39. What is the units digit of (r/2)/(s/(-4))?
4
Let d(a) = -a**3 + 6*a**2 + 10*a + 3. What is the units digit of d(7)?
4
Let h(g) = g**3 + 10. Let p be h(0). Let v = p + -16. What is the units digit of (-2)/(-8)*-2*v?
3
Let c(m) = -3*m + 43. What is the units digit of c(0)?
3
Let i be (3 - 2)/1*-3. What is the units digit of (-8)/(i/3*1)?
8
Suppose 368 = 4*a - 52. Suppose -2*y - y = -a. What is the tens digit of y?
3
Let y = 222 - 116. What is the tens digit of y?
0
Suppose 0 = -a + 2*g + 8, 0*g = 5*a - 3*g - 19. Suppose -3*o = a*o + 50. Let r = o - -16. What is the units digit of r?
6
Let x = 4 + -4. Suppose -2*z + 14 = 5*n, 5*z = -n - x - 11. What is the units digit of (-6)/(-4) - z/(-6)?
1
What is the units digit of 2/(-1)*-274*(-2)/(-8)?
7
Let d(i) = 2*i**2 + 3*i + 13. What is the tens digit of d(-8)?
1
Let o = 31 + -15. Let y = -10 + o. Let x(g) = -g**2 + 7*g. What is the units digit of x(y)?
6
Suppose 4*h + 8 = 5*h. Suppose a + 5*z = 9, -a + 5*z + h + 1 = 0. What is the units digit of a?
9
Let w be (2/4)/((-1)/(-12)). Let g be 8/6*w/4. Suppose -5*r - 6*f = -2*f - 5, g*f = 0. What is the units digit of r?
1
Suppose 10 = -2*y, 3*y - 107 = 2*u - 3*u. What is the tens digit of u?
2
Let g(j) = 5*j - 3. Let n be g(2). Suppose 0 = -h - h + 2. What is the units digit of 1/h*-2 + n?
5
What is the tens digit of 10/(-4)*(-132)/30?
1
Let k(n) be the first derivative of -n**4/4 - 7*n**3/3 - n**2/2 + 8*n + 3. Let j = -11 - -4. What is the tens digit of k(j)?
1
Let s be ((-8)/(-10))/((-4)/(-30)). What is the tens digit of (1 + 1)*33/s?
1
Let m = 14 - 11. Suppose -26 = -m*c + 28. What is the units digit of c?
8
What is the units digit of (-736)/(-115) - (0 - 4/(-10))?
6
Let k(g) = -39*g + 3. What is the hundreds digit of k(-3)?
1
Suppose -5*g + 8 = -2. What is the tens digit of 16 - ((-2)/g - 0)?
1
Let s(g) = g**2 + 6*g + 9. Suppose -3*w = 4*q + 51, -5*q + 0*q - 55 = 2*w. What is the units digit of s(q)?
6
Let q(r) = r + 9. Let t be q(-7). Suppose 4 = -2*s - 2*y, -t*y = 5*s - y - 6. Suppose 2*x = -s*x + 16. What is the units digit of x?
4
Let v(b) = 10*b**2 - b. Suppose 0 = 5*n - 5*y - 10, -5*y = 2*n - 0*n + 3. Let x be v(n). What is the tens digit of 6 - x - (-21 + 1)?
1
Let x(a) = a**2 - a - 1. Let h be x(-2). Suppose -h*d + 92 = -d. What is the units digit of d?
3
Let n(r) = -5*r**3 - 11*r**2 - 3*r - 5. Let u(q) = 14*q**3 + 32*q**2 + 9*q + 15. Let w(y) = 11*n(y) + 4*u(y). What is the tens digit of w(-5)?
4
Suppose 577 = 2*l - 3*k, -k = 4*l + k - 1178. What is the hundreds digit of l?
2
Let w be (-52)/6 - 26/(-39). What is the units digit of (-715)/(-20) + (-2)/w?
6
Let d = 4 - 6. Let q be 1 + 2 + -1 - d. What is the units digit of ((-5)/q)/(3/(-24))?
0
Suppose -11 = -4*j + 1. Suppose -2*v - 20 = j*v. Let g = v + 9. What is the units digit of g?
5
Let o(l) = l + 21. What is the units digit of o(10)?
1
Suppose -7*l = 24 - 3. What is the units digit of (l + 1 + -32)/(-2)?
7
Let c = 41 + -58. Let k = 43 + c. What is the tens digit of k?
2
Suppose -17*h = -16*h - 175. What is the tens digit of h?
7
Suppose 1 - 31 = -2*v. What is the units digit of v?
5
Suppose -4*k + k + 12 = 0. Suppose -k*q + 2*b = -q - 35, -5*b = -4*q + 56. Suppose q = 4*a - d, a = 2*d - d + 3. What is the units digit of a?
2
Let b be 4*(-1 - (-39)/6). Suppose -3*v + b = 4. Let q(y) = y**3 - 6*y**2 + 2*y - 1. What is the units digit of q(v)?
1
Let k be 0/(1*(-2)/1). Suppose -5*r + 90 = -k*r. What is the units digit of r?
8
Let g(z) = 26*z**2 - 4*z - 4. What is the tens digit of g(3)?
1
Suppose -4*a - 4*l = -8, -2*l = -a + l - 10. What is the units digit of 15 + 0 + 1/a?
4
Let h be (6/(-9))/((-2)/15). Let y be 56/12*21/2. Suppose -b - y = -4*b - h*f, -4*b + 47 = 3*f. What is the units digit of b?
8
Let u(h) = -4*h**2 - h**3 - 5*h + 3 - 1 - 4 - 2. What is the units digit of u(-3)?
2
Let r(a) be the first derivative of 4*a**2 - 4*a - 6. What is the units digit of r(5)?
6
Let g(t) = -t**3 - 2*t + 43. What is the tens digit of g(0)?
4
Let v(j) be the first derivative of -j**3/3 + 4*j**2 + 8*j - 10. Suppose t - 5*t = -32. What is the units digit of v(t)?
8
Let w be 24/(-4)*(-1)/3. Suppose w*o + 5*y = 5, -3*o + 13 + 29 = -4*y. What is the units digit of o?
0
What is the tens digit of ((-405)/(-10))/((-2)/(-4))?
8
Suppose -g - 1 = -2. Let y(o) = 13*o**3 - 2*o**2 + o. What is the tens digit of y(g)?
1
Let a(w) = w - 5. Let k be a(5). Suppose 4*z - 112 = -0*z + f, -4*f - 84 = -3*z. Suppose -4*m + z = -k*m. What is the units digit of m?
7
Let i(g) = 3*g**2 + 3*g - 2. What is the tens digit of i(2)?
1
Suppose -40 = 5*h - 5*l, 5*h - 2*h + 24 = 5*l. Let m = -13 - h. Let b = m - -11. What is the units digit of b?
6
Suppose 129 = -5*d - 3*u + 5*u, -4*d - 2*u = 114. Let a = 39 + d. What is the units digit of a?
2
What is the tens digit of 38 + -5 - (0 - 0)?
3
Let w(o) = o**2 - o - 11. What is the units digit of w(6)?
9
Let w = -5 + 4. Let h(s) = -s**3 + 2*s**2 - s + 2. Let p(t) = t - 1. Let j(v) = w*h(v) - 2*p(v). What is the units digit of j(3)?
6
Suppose 3*l - 2 = -14. Let u = l + 6. Suppose d + u*d - 21 = 0. What is the units digit of d?
7
Let w be (0/2)/(-1 + -1). Suppose w*l = 4*l - 24. Suppose 0 = 5*i - 4 - l. What is the units digit of i?
2
Suppose 0*d + a = -2*d + 14, 0 = 3*a. Suppose 0 = 2*c - d*c + 25. What is the units digit of c?
5
Let y = -4 - -67. What is the tens digit of y?
6
Suppose -n + 13 - 4 = 0. Let h = n - 0. What is the units digit of h?
9
What is the hundreds digit of (-3162)/(-10) + 12/(-60)?
3
Suppose 2*u - 40 = -3*u. What is the tens digit of 290/u + 9/(-36)?
3
Let r(b) = b**3 + 8*b**2 + 9*b - 1. Let c be r(-7). Let p be 212/(-26) - (-8)/52. Let n = p - c. What is the units digit of n?
7
Let f = -3 + -2. Let y = 9 + f. Suppose -10 = -3*r + 2*c + 20, 0 = y*c + 12. What is the units digit of r?
8
What is the units digit of 1*-4*(-52)/(-12)*-9?
6
Let f(w) = 2*w**2 - 2*w + 94. What is the tens digit of f(0)?
9
Suppose 3*l - 5 = 7. Suppose p - 25 = -l*p. Suppose 0 = -5*t + 5*v + 25, -p*t + 34 = -4*v + 7. What is the units digit of t?
7
Suppose -3*c + 18 = 2*s - 0*c, s - 3*c = 0. Suppose -5*f - 1 + s = 0. What is the units digit of f?
1
Let f = 150 + -85. What is the tens digit of f?
6
Let r(t) = -t**3 - 9*t**2 - 9*t - 5. Let k be r(-8). Suppose -70 = -3*p - 5*l, 5*p - 33 - 27 = k*l. What is the units digit of p?
5
Let k(n) = 2*n**2 - 3*n - 2. What is the units digit of k(-3)?
5
Let p = -358 + 613. What is the hundreds digit of p?
2
Let p(g) = g**2 + g. Let q be p(-2). Suppose 6*c = 4*j + q*c - 68, 0 = 2*j - 4*c - 44. What is the units digit of j?
2
Let s = 447 + -155. What is the tens digit of s?
9
Suppose -y = 4*y - 205. What is the tens digit of y?
4
Let r = -5 + -5. Let f be (1 + (-3)/12)*-8. Let p = f - r. What is the units digit of p?
4
Suppose 2*w - 4 = 3*w. Let t = 3 + w. What is the units digit of (-3)/t*(-1)/(-3)?
1
Let n be 2 + (-1 - 0)/(-1). What is the units digit of 136/(-12)*n/(-2)?
7
Let z(i) = -8*i - 5*i**2 - 8 - 3*i + 4*i**2. What is the tens digit of z(-4)?
2
Suppose 2*s - 48 = 6*s. Let u = s + 23. What is the units digit of u?
1
Suppose 0*n - m = 2*n - 70, 0 = 5*n - m - 168. Let l = 